ulate the remainder when 111623655 is divided by 488.
487
Calculate the remainder when 4216884 is divided by 2108371.
142
What is the remainder when 114070 is divided by 3889?
1289
Calculate the remainder when 272452 is divided by 67986.
508
Calculate the remainder when 45961 is divided by 71.
24
What is the remainder when 2603387 is divided by 23?
17
What is the remainder when 692461 is divided by 75?
61
Calculate the remainder when 705676 is divided by 41509.
23
Calculate the remainder when 43849 is divided by 313.
29
Calculate the remainder when 3905548 is divided by 593.
50
Calculate the remainder when 7105328 is divided by 1231.
1227
What is the remainder when 539832 is divided by 72?
48
Calculate the remainder when 985053 is divided by 1818.
1515
Calculate the remainder when 2514249 is divided by 573.
498
Calculate the remainder when 4059075 is divided by 712.
675
What is the remainder when 178393 is divided by 489?
397
What is the remainder when 2481412328 is divided by 6763?
6761
What is the remainder when 52754895 is divided by 4296?
15
What is the remainder when 841000 is divided by 46722?
4
Calculate the remainder when 92431 is divided by 752.
687
What is the remainder when 419586587 is divided by 3114?
3113
Calculate the remainder when 6955290 is divided by 59.
16
Calculate the remainder when 484660 is divided by 152.
84
What is the remainder when 51324529 is divided by 25662250?
29
Calculate the remainder when 69422 is divided by 1084.
46
Calculate the remainder when 42758 is divided by 5336.
70
What is the remainder when 281634 is divided by 1660?
1094
Calculate the remainder when 10740 is divided by 10595.
145
Calculate the remainder when 5970506 is divided by 5970492.
14
Calculate the remainder when 213434 is divided by 49.
39
Calculate the remainder when 2848115 is divided by 167531.
88
What is the remainder when 25374141 is divided by 24?
21
Calculate the remainder when 25937111 is divided by 11605.
11541
What is the remainder when 13897293 is divided by 126?
123
What is the remainder when 306832 is divided by 154?
64
What is the remainder when 31935 is divided by 5139?
1101
What is the remainder when 731480 is divided by 4917?
3764
What is the remainder when 62311325 is divided by 12?
5
What is the remainder when 5003 is divided by 993?
38
What is the remainder when 27880131 is divided by 12?
3
What is the remainder when 10751487 is divided by 21?
12
What is the remainder when 6966254 is divided by 1420?
1154
Calculate the remainder when 93431 is divided by 23346.
47
Calculate the remainder when 12510 is divided by 10298.
2212
What is the remainder when 298617 is divided by 195?
72
Calculate the remainder when 44013562 is divided by 2221.
5
Calculate the remainder when 1453996 is divided by 640.
556
What is the remainder when 16905873 is divided by 13?
10
What is the remainder when 8064971 is divided by 576066?
47
What is the remainder when 53640 is divided by 23963?
5714
What is the remainder when 1701281 is divided by 54880?
1
What is the remainder when 377487 is divided by 9207?
0
Calculate the remainder when 44616158 is divided by 103.
60
What is the remainder when 29207310 is divided by 2632?
6
What is the remainder when 787138 is divided by 14306?
308
Calculate the remainder when 272725290 is divided by 30302810.
0
What is the remainder when 656359 is divided by 64?
39
Calculate the remainder when 10763352 is divided by 290901.
15
Calculate the remainder when 27510976 is divided by 103.
88
Calculate the remainder when 99848 is divided by 2954.
2366
What is the remainder when 118632 is divided by 3700?
232
Calculate the remainder when 10019 is divided by 4981.
57
Calculate the remainder when 56751892 is divided by 3.
1
What is the remainder when 2246212 is divided by 212?
72
What is the remainder when 6093989 is divided by 1902?
1883
What is the remainder when 1316105 is divided by 655?
210
Calculate the remainder when 39270 is divided by 6.
0
What is the remainder when 400314 is divided by 817?
801
Calculate the remainder when 1223362 is divided by 1223344.
18
Calculate the remainder when 345938 is divided by 623.
173
What is the remainder when 94876575 is divided by 20?
15
What is the remainder when 3318655 is divided by 54?
31
What is the remainder when 52496 is divided by 4880?
3696
What is the remainder when 49211039 is divided by 15?
14
Calculate the remainder when 1977253 is divided by 3104.
5
What is the remainder when 1144561 is divided by 1121?
20
Calculate the remainder when 59231171 is divided by 76.
39
What is the remainder when 3522886 is divided by 5?
1
Calculate the remainder when 728748 is divided by 2070.
108
Calculate the remainder when 24754 is divided by 579.
436
Calculate the remainder when 5894237 is divided by 5.
2
Calculate the remainder when 56287 is divided by 552.
535
What is the remainder when 57502 is divided by 18547?
1861
Calculate the remainder when 44487 is divided by 807.
102
Calculate the remainder when 243043 is divided by 9721.
18
Calculate the remainder when 25349402 is divided by 858.
650
What is the remainder when 1074835 is divided by 17?
10
Calculate the remainder when 1414367 is divided by 8417.
311
What is the remainder when 2059935 is divided by 205993?
5
What is the remainder when 47999 is divided by 774?
11
What is the remainder when 33188 is divided by 56?
36
What is the remainder when 37358 is divided by 12438?
44
Calculate the remainder when 3399480 is divided by 1169.
28
Calculate the remainder when 18238 is divided by 9094.
50
Calculate the remainder when 509127 is divided by 224.
199
What is the remainder when 27464 is divided by 8098?
3170
Calculate the remainder when 6290966 is divided by 340.
286
What is the remainder when 5093845 is divided by 2546903?
39
What is the remainder when 251771 is divided by 600?
371
What is the remainder when 14015423 is divided by 23?
5
Calculate the remainder when 42116299 is divided by 1316134.
11
Calculate the remainder when 47068 is divided by 295.
163
What is the remainder when 151718 is divided by 24365?
5528
Calculate the remainder when 4495289 is divided by 41623.
5
What is the remainder when 3236817 is divided by 1837?
23
What is the remainder when 421675 is divided by 210823?
29
Calculate the remainder when 6925595 is divided by 1734.
1733
Calculate the remainder when 184467141 is divided by 6594.
6585
Calculate the remainder when 49056 is divided by 9755.
281
Calculate the remainder when 75354 is divided by 2203.
452
What is the remainder when 82310771 is divided by 807?
806
Calculate the remainder when 379641 is divided by 2086.
2075
Calculate the remainder when 189220 is divided by 2154.
1822
What is the remainder when 289618 is divided by 6162?
4
Calculate the remainder when 4408738 is divided by 66799.
4
Calculate the remainder when 17140396 is divided by 307.
279
What is the remainder when 489663 is divided by 59?
22
Calculate the remainder when 47093009 is divided by 296.
1
Calculate the remainder when 4938014 is divided by 37.
31
Calculate the remainder when 2887400 is divided by 781.
43
What is the remainder when 27234620 is divided by 78?
62
What is the remainder when 229161 is divided by 76359?
84
What is the remainder when 681221 is divided by 420?
401
What is the remainder when 156837791 is divided by 229295?
11
Calculate the remainder when 7045883 is divided by 10256.
11
Calculate the remainder when 431913 is divided by 395.
178
Calculate the remainder when 531310 is divided by 88481.
424
What is the remainder when 86488 is divided by 1755?
493
What is the remainder when 2095897 is divided by 15?
7
Calculate the remainder when 48459805 is divided by 41.
19
Calculate the remainder when 384459 is divided by 76875.
84
What is the remainder when 1981502 is divided by 253?
6
Calculate the remainder when 681220 is divided by 690.
190
Calculate the remainder when 2104455 is divided by 1954.
1951
Calculate the remainder when 11563820 is divided by 160.
140
Calculate the remainder when 29149929 is divided by 31344.
9
What is the remainder when 21976586 is divided by 1342?
1336
Calculate the remainder when 56647 is divided by 1826.
41
Calculate the remainder when 2520763 is divided by 3364.
1127
Calculate the remai